{"id":1856,"date":"2018-01-16T09:42:52","date_gmt":"2018-01-16T09:42:52","guid":{"rendered":"http:\/\/www.alamis-onlus.com\/?page_id=1856"},"modified":"2018-01-20T18:03:52","modified_gmt":"2018-01-20T18:03:52","slug":"la-storia","status":"publish","type":"page","link":"https:\/\/www.alamis-odv.com\/es\/chi-siamo\/la-storia\/","title":{"rendered":"Hist\u00f3ria"},"content":{"rendered":"<p>&nbsp;<\/p>\n<h2 style=\"text-align: center;\"><b>\u201cAlamis, un proyecto de solidaridad\u201d<\/b><\/h2>\n<h2>La Historia:<\/h2>\n<article class=\"post-listing post post-6 page type-page status-publish has-post-thumbnail hentry\">\n<div class=\"post-inner\">\n<div class=\"entry\">\n<p>Alamis \u2013 Amigos Laicos Asociados por las Misiones, fue sin dudas una preciosa invenci\u00f3n, en la historia de la Congregaci\u00f3n de las Hijas del Sagrado Corazon de Jesus, mas precisamente en el ano de gracia del Se\u00f1or del 2001. Dijimos en el ano de gracia, y ciertamente, una iniciativa muy feliz, porque nascia casi como un don de Santa Teresa Verzeri, que justo en aquel a\u00f1o venia canonizada para el honor de los altares para la Iglesia universal y para el mundo, por el Papa San Juan Pablo II.<br \/>\nDelante del invit\u00f3 para hacer parte de ese nuevo organismo, \u00bfcomo podr\u00edamos decir no, sabiendo que eso naci\u00f3 para renovar y actualizar el sueno que Santa Teresa Verzeri ten\u00eda trazado entre sus caracter\u00edsticas fundantes, la importancia de los laicos, en la misi\u00f3n de las Hijas del Sagrado Coraz\u00f3n de Jes\u00fas?<\/p>\n<p>A tal prop\u00f3sito, la Santa escribe: \u201c&#8230;los laicos, son aquella mano larga que llegan all\u00e1 donde las hijas, no pueden llegar\u201d.<br \/>\nDe verdad, nosotros sentimos la \u201cAlamis\u201d como instrumento jur\u00eddico, claro en la sua finalidad, pero sobre todo como sujeto capaz de dar rostro y voz a tantos amigos que en el tiempo y en los diferentes espacios colaboraron y colaboran por la expansi\u00f3n misionera de las Hijas del Sagrado Corazon de Jesus. Nuestro grupo, realmente, supera en el tiempo el acto constitutivo de la asociaci\u00f3n, mientras siente de tener ra\u00edces profundas y lejanas que marcaron nuestras vidas por los valores recibidos a trav\u00e9s de las obras educativas de las hijas de Santa Teresa Verzeri. Es de ellas que hemos aprendido la maestr\u00eda de la vida, la belleza de ser misioneros siempre y en todas partes, en familia y en la sociedad, a \u201cdedicare\u201d un poco del nuestro tiempo para hacernos don a los pr\u00f3ximos y a los lejanos sin prejuicios y exclusiones.<\/p>\n<p>No hacemos cosas enormes, pero si cosas al alcance de todos, pequenos gestos como una sonrisa, ayudar alumnos en dificuldades, idear ayudas por medio de los comerciantes para sostener y encorajar nuestras hermanas misioneras esparzas por el mundo, que con medios pobres, combaten la batalla de la caridad por tantos hermanos y hermanas menos afortunados que nosotros.<br \/>\nPor \u00faltimo, pero no menos importante del nuestro quehacer y del nuestro estar juntos, es aquel umus espiritual que buscamos cultivar, para mejor compartir la espera, las esperanzas, y por qu\u00e9 no, hasta peque\u00f1as desilusiones. O sea, vivimos la experiencia que trabajando conjuntamente se multiplica el coraje, se recibe serenidad y las fatigas se convierte en la mitad.<br \/>\nLuego aquella primera experiencia en Milano crecio y se transformo en algo m\u00e1s vasto.<br \/>\nSiempre segundo el esp\u00edritu expresado por las socias de Milano, la Alamis se ampli\u00f3 y se convierte en una ASOCIACI\u00d3N ONLUS (Organizaci\u00f3n sin animo de lucro) gobernada por un estatuto.<\/p>\n<\/div>\n<\/div>\n<\/article>\n<h4>La Asociaci\u00f3n fue fuertemente deseada por la Hna. Flavia Coppe y viene constituida el 21 de mayo de 2002.<\/h4>\n<p><em>Una asociada, como paso con tantos otros, as\u00ed comparte la sua llamada.<br \/>\n\u201cUna tarde me llega una llamada telef\u00f3nica \u2013 Hna. Beatrice ti invita a ofrecerte como voluntaria \u2013 Conocia bien el modo con el cual la hermana sab\u00eda convencer con gracia a hacer aquello que ella quer\u00eda y estalle en una risa.<br \/>\nSin embargo, yo me ofrec\u00ed como voluntaria y participe de la primera reuni\u00f3n en la casa general en la Via Casilina.<br \/>\nRepenso ahora, despues de tantos anos, estoy convencida que aquella fue una llamada, una llamada a alguien como yo que vive en la acci\u00f3n y en la incongruencia del modelo occidental, dove el bienestar material a todo costo torna la persona ego\u00edsta y tambi\u00e9n la solidaridad cristiana se limita a la limosna despu\u00e9s de la misa del domingo.Una vez que entre en el grupo, me hice consciente de una realidad desconocida, de la pobreza verdadera de quien no tiene nada solamente la propria vida, del hero\u00edsmo de las Hijas del Sagrado Corazon de Jesus que aquellas vidas protegen.<br \/>\nNosotros desde aca, de nuestro mundo comodo y todo visto tranquilamente, les ayudamos a ayudar. Las nuestras actividades se multiplican: Feria de la solidaridad, conciertos en las iglesias hist\u00f3ricas de Roma, cenas beneficientes, fiestas, reuniones, semanas misioneras organizadas por la parroquia cercana, para sostener las misiones en lugares lejanos, donde hermanas valientes, ingeniosamente buscan soportar los m\u00e1s pobres de la tierra, a educar las familias, a descubrir su dignidad de hijos de Dios&#8230;\u201d<br \/>\n<\/em>Otros voluntarios se sumaron a la primera Directiva.<br \/>\nEl 21 de marzo de 2015 el Presidente dott. Ettore Pompili, junto con el Consejo Directivo, en consideraci\u00f3n por el trabajo hecho con abnegaci\u00f3n y esp\u00edritu de sacrificio de la Hna. Flavia Coppe desde la constituci\u00f3n de la Alamis Onlus, deseada por ella, propuso de reconocer a ella un papel m\u00e1s representativo y en el mismo dia, la asamblea de los socios la eligi\u00f3 Presidente Honorario.<\/p>\n<p>&nbsp;<\/p>\n","protected":false},"excerpt":{"rendered":"<p>&nbsp; \u201cAlamis, un proyecto de solidaridad\u201d La Historia: Alamis \u2013 Amigos Laicos Asociados por las Misiones, fue sin dudas una preciosa invenci\u00f3n, en la historia de la Congregaci\u00f3n de las Hijas del Sagrado Corazon de Jesus, mas precisamente en el ano de gracia del Se\u00f1or del 2001. Dijimos en el ano de gracia, y ciertamente, [&hellip;]<\/p>\n","protected":false},"author":2,"featured_media":0,"parent":1757,"menu_order":1,"comment_status":"closed","ping_status":"closed","template":"","meta":{"_monsterinsights_skip_tracking":false,"_monsterinsights_sitenote_active":false,"_monsterinsights_sitenote_note":"","_monsterinsights_sitenote_category":0,"footnotes":""},"_links":{"self":[{"href":"https:\/\/www.alamis-odv.com\/es\/wp-json\/wp\/v2\/pages\/1856"}],"collection":[{"href":"https:\/\/www.alamis-odv.com\/es\/wp-json\/wp\/v2\/pages"}],"about":[{"href":"https:\/\/www.alamis-odv.com\/es\/wp-json\/wp\/v2\/types\/page"}],"author":[{"embeddable":true,"href":"https:\/\/www.alamis-odv.com\/es\/wp-json\/wp\/v2\/users\/2"}],"replies":[{"embeddable":true,"href":"https:\/\/www.alamis-odv.com\/es\/wp-json\/wp\/v2\/comments?post=1856"}],"version-history":[{"count":3,"href":"https:\/\/www.alamis-odv.com\/es\/wp-json\/wp\/v2\/pages\/1856\/revisions"}],"predecessor-version":[{"id":2828,"href":"https:\/\/www.alamis-odv.com\/es\/wp-json\/wp\/v2\/pages\/1856\/revisions\/2828"}],"up":[{"embeddable":true,"href":"https:\/\/www.alamis-odv.com\/es\/wp-json\/wp\/v2\/pages\/1757"}],"wp:attachment":[{"href":"https:\/\/www.alamis-odv.com\/es\/wp-json\/wp\/v2\/media?parent=1856"}],"curies":[{"name":"wp","href":"https:\/\/api.w.org\/{rel}","templated":true}]}}

História

<p>&nbsp;</p>
<h2 style="text-align: center;"><b>“Alamis, un proyecto de solidaridad”</b></h2>
<h2>La Historia:</h2>
<article class="post-listing post post-6 page type-page status-publish has-post-thumbnail hentry">
<div class="post-inner">
<div class="entry">
<p>Alamis – Amigos Laicos Asociados por las Misiones, fue sin dudas una preciosa invención, en la historia de la Congregación de las Hijas del Sagrado Corazon de Jesus, mas precisamente en el ano de gracia del Señor del 2001. Dijimos en el ano de gracia, y ciertamente, una iniciativa muy feliz, porque nascia casi como un don de Santa Teresa Verzeri, que justo en aquel año venia canonizada para el honor de los altares para la Iglesia universal y para el mundo, por el Papa San Juan Pablo II.<br />
Delante del invitó para hacer parte de ese nuevo organismo, ¿como podríamos decir no, sabiendo que eso nació para renovar y actualizar el sueno que Santa Teresa Verzeri tenía trazado entre sus características fundantes, la importancia de los laicos, en la misión de las Hijas del Sagrado Corazón de Jesús?</p>
<p>A tal propósito, la Santa escribe: “&#8230;los laicos, son aquella mano larga que llegan allá donde las hijas, no pueden llegar”.<br />
De verdad, nosotros sentimos la “Alamis” como instrumento jurídico, claro en la sua finalidad, pero sobre todo como sujeto capaz de dar rostro y voz a tantos amigos que en el tiempo y en los diferentes espacios colaboraron y colaboran por la expansión misionera de las Hijas del Sagrado Corazon de Jesus. Nuestro grupo, realmente, supera en el tiempo el acto constitutivo de la asociación, mientras siente de tener raíces profundas y lejanas que marcaron nuestras vidas por los valores recibidos a través de las obras educativas de las hijas de Santa Teresa Verzeri. Es de ellas que hemos aprendido la maestría de la vida, la belleza de ser misioneros siempre y en todas partes, en familia y en la sociedad, a “dedicare” un poco del nuestro tiempo para hacernos don a los próximos y a los lejanos sin prejuicios y exclusiones.</p>
<p>No hacemos cosas enormes, pero si cosas al alcance de todos, pequenos gestos como una sonrisa, ayudar alumnos en dificuldades, idear ayudas por medio de los comerciantes para sostener y encorajar nuestras hermanas misioneras esparzas por el mundo, que con medios pobres, combaten la batalla de la caridad por tantos hermanos y hermanas menos afortunados que nosotros.<br />
Por último, pero no menos importante del nuestro quehacer y del nuestro estar juntos, es aquel umus espiritual que buscamos cultivar, para mejor compartir la espera, las esperanzas, y por qué no, hasta pequeñas desilusiones. O sea, vivimos la experiencia que trabajando conjuntamente se multiplica el coraje, se recibe serenidad y las fatigas se convierte en la mitad.<br />
Luego aquella primera experiencia en Milano crecio y se transformo en algo más vasto.<br />
Siempre segundo el espíritu expresado por las socias de Milano, la Alamis se amplió y se convierte en una ASOCIACIÓN ONLUS (Organización sin animo de lucro) gobernada por un estatuto.</p>
</div>
</div>
</article>
<h4>La Asociación fue fuertemente deseada por la Hna. Flavia Coppe y viene constituida el 21 de mayo de 2002.</h4>
<p><em>Una asociada, como paso con tantos otros, así comparte la sua llamada.<br />
“Una tarde me llega una llamada telefónica – Hna. Beatrice ti invita a ofrecerte como voluntaria – Conocia bien el modo con el cual la hermana sabía convencer con gracia a hacer aquello que ella quería y estalle en una risa.<br />
Sin embargo, yo me ofrecí como voluntaria y participe de la primera reunión en la casa general en la Via Casilina.<br />
Repenso ahora, despues de tantos anos, estoy convencida que aquella fue una llamada, una llamada a alguien como yo que vive en la acción y en la incongruencia del modelo occidental, dove el bienestar material a todo costo torna la persona egoísta y también la solidaridad cristiana se limita a la limosna después de la misa del domingo.Una vez que entre en el grupo, me hice consciente de una realidad desconocida, de la pobreza verdadera de quien no tiene nada solamente la propria vida, del heroísmo de las Hijas del Sagrado Corazon de Jesus que aquellas vidas protegen.<br />
Nosotros desde aca, de nuestro mundo comodo y todo visto tranquilamente, les ayudamos a ayudar. Las nuestras actividades se multiplican: Feria de la solidaridad, conciertos en las iglesias históricas de Roma, cenas beneficientes, fiestas, reuniones, semanas misioneras organizadas por la parroquia cercana, para sostener las misiones en lugares lejanos, donde hermanas valientes, ingeniosamente buscan soportar los más pobres de la tierra, a educar las familias, a descubrir su dignidad de hijos de Dios&#8230;”<br />
</em>Otros voluntarios se sumaron a la primera Directiva.<br />
El 21 de marzo de 2015 el Presidente dott. Ettore Pompili, junto con el Consejo Directivo, en consideración por el trabajo hecho con abnegación y espíritu de sacrificio de la Hna. Flavia Coppe desde la constitución de la Alamis Onlus, deseada por ella, propuso de reconocer a ella un papel más representativo y en el mismo dia, la asamblea de los socios la eligió Presidente Honorario.</p>
<p>&nbsp;</p>

<p>&nbsp; “Alamis, un proyecto de solidaridad” La Historia: Alamis – Amigos Laicos Asociados por las Misiones, fue sin dudas una preciosa invención, en la historia de la Congregación de las Hijas del Sagrado Corazon de Jesus, mas precisamente en el ano de gracia del Señor del 2001. Dijimos en el ano de gracia, y ciertamente, [&hellip;]</p>
